{"id":14013,"date":"2017-09-03T22:38:55","date_gmt":"2017-09-03T20:38:55","guid":{"rendered":"https:\/\/pur.vamtam.com\/?page_id=14013"},"modified":"2025-06-05T11:05:09","modified_gmt":"2025-06-05T09:05:09","slug":"home-page","status":"publish","type":"page","link":"https:\/\/energy-wellness-center.com\/","title":{"rendered":"Energy Wellness Center &#8211; R\u00e9fl\u00e9xologie \/ Massoth\u00e9rapie \/ Bior\u00e9sonance &#8211; Ile Maurice"},"content":{"rendered":"<div class=\"vgblk-rw-wrapper limit-wrapper\">\n\n\t\t\t\t\t\t\t<img loading=\"lazy\" width=\"694\" height=\"198\" src=\"https:\/\/energy-wellness-center.com\/wp-content\/uploads\/2021\/03\/logo_energy_wellness_center.jpg\" alt=\"logo_energy_wellness_center\" itemprop=\"image\" title=\"logo_energy_wellness_center\" onerror=\"this.style.display='none'\"  sizes=\"(max-width: 768px) 100vw, 100vw\" srcset=\"data:image\/svg+xml;utf8,&lt;svg%20xmlns=&quot;http:\/\/www.w3.org\/2000\/svg&quot;%20viewBox=&quot;0%200%20694%20198&quot;%20height=&quot;198px&quot;%20width=&quot;694px&quot;\/&gt;\" data-srcset=\"https:\/\/energy-wellness-center.com\/wp-content\/uploads\/2021\/03\/logo_energy_wellness_center.jpg 694w, https:\/\/energy-wellness-center.com\/wp-content\/uploads\/2021\/03\/logo_energy_wellness_center-315x90@2x.jpg 630w, https:\/\/energy-wellness-center.com\/wp-content\/uploads\/2021\/03\/logo_energy_wellness_center-300x86.jpg 300w, https:\/\/energy-wellness-center.com\/wp-content\/uploads\/2021\/03\/logo_energy_wellness_center-420x120.jpg 420w, https:\/\/energy-wellness-center.com\/wp-content\/uploads\/2021\/03\/logo_energy_wellness_center-315x90.jpg 315w, https:\/\/energy-wellness-center.com\/wp-content\/uploads\/2021\/03\/logo_energy_wellness_center-300x86@2x.jpg 600w\" \/>\t\t\t\t\t\t\t\n<h2>\n\tLes th\u00e9rapies de l&#8217;\u00e9nergie\n\t<\/h2>\n<h1>\n\tau service de votre pleine sant\u00e9 !\n\t<\/h1>\n\t<p>Bas\u00e9 \u00e0 Endemika Business Park (Petit Raffray), dans la Nord de l&#8217;\u00eele Maurice, Energy Wellness Center est sp\u00e9cialis\u00e9 dans les th\u00e9rapies de l&#8217;\u00e9nergie (autrement appel\u00e9es th\u00e9rapies quantiques).<\/p>\n<p>Les th\u00e9rapies utilis\u00e9es principalement sont la R\u00e9fl\u00e9xologie Plantaire, le Drainage Lymphatique Manuel, la Massoth\u00e9rapie, la Mad\u00e9roth\u00e9rapie, ou encore la Bior\u00e9sonance.<\/p>\n<p>Nous sommes \u00e9galement amen\u00e9s \u00e0 utiliser pendant les s\u00e9ances, des huiles essentielle et des soins \u00e9nerg\u00e9tiques&#8230;<\/p>\n\t<a href=\"#contact\" target=\"_self\" role=\"button\" rel=\"noopener\">\n\t\t\t\t\tR\u00e9servez votre s\u00e9ance !\n\t<\/a>\n<h2>\n\tTh\u00e9rapies\n\t<\/h2>\n\t\t\t\t\t\t\t<img src=\"https:\/\/energy-wellness-center.com\/wp-content\/plugins\/beaver-builder-lite-version\/img\/pixel.png\" alt=\"\" itemprop=\"image\" onerror=\"this.style.display='none'\"  \/>\n\t\t\t\t\t\t\t<img loading=\"lazy\" src=\"https:\/\/energy-wellness-center.com\/wp-content\/uploads\/2021\/03\/Reflexologie_ile_maurice.png\" alt=\"Reflexologie_ile_maurice\" itemprop=\"image\" height=\"250\" width=\"250\" title=\"Reflexologie_ile_maurice\" onerror=\"this.style.display='none'\"  sizes=\"(max-width: 768px) 100vw, 100vw\" srcset=\"data:image\/svg+xml;utf8,&lt;svg%20xmlns=&quot;http:\/\/www.w3.org\/2000\/svg&quot;%20viewBox=&quot;0%200%20250%20250&quot;%20height=&quot;250px&quot;%20width=&quot;250px&quot;\/&gt;\" data-srcset=\"https:\/\/energy-wellness-center.com\/wp-content\/uploads\/2021\/03\/Reflexologie_ile_maurice.png 250w, https:\/\/energy-wellness-center.com\/wp-content\/uploads\/2021\/03\/Reflexologie_ile_maurice-100x100.png 100w, https:\/\/energy-wellness-center.com\/wp-content\/uploads\/2021\/03\/Reflexologie_ile_maurice-150x150.png 150w, https:\/\/energy-wellness-center.com\/wp-content\/uploads\/2021\/03\/Reflexologie_ile_maurice-100x100@2x.png 200w\" \/>\t\t\t\t\t\t\t\n<h2>\n\tS\u00e9ance\n\t<\/h2>\n<h2>\n\tR\u00e9fl\u00e9xologie\n\t<\/h2>\n\t<strong>On d\u00e9crit la r\u00e9flexologie comme \u00e9tant une m\u00e9thode manuelle et naturelle qui s&#8217;appuie sur les capacit\u00e9s d&#8217;autor\u00e9gulation du corps humain.<\/strong><br \/>\nL&#8217;objectif de la r\u00e9flexologie est de soulager les sympt\u00f4mes en agissant sur les zones r\u00e9flexes pr\u00e9sentes dans les pieds.<br \/>\nEn r\u00e9flexologie, <strong>le pied occupe une place essentielle car il est la repr\u00e9sentation du corps en miniature.<\/strong><br \/>\nEn pratique, chaque zone corporelle, organe ou glande a sa correspondance sur le pied (ce sont ces points de correspondance que nous appelons <strong>les zones r\u00e9flexes<\/strong>).<br \/>\nA partir de ce principe, l&#8217;application de pressions sur certaines de ces zones permet de localiser les tensions, et de r\u00e9tablir l&#8217;\u00e9quilibre de la partie du corps correspondante et de retrouver la pleine sant\u00e9.\n\t<a href=\"#contact\" target=\"_self\" role=\"button\" rel=\"noopener\">\n\t\t\t\t\tR\u00e9servez votre s\u00e9ance !\n\t<\/a>\n\t\t\t\t\t\t\t<img loading=\"lazy\" src=\"https:\/\/energy-wellness-center.com\/wp-content\/uploads\/2021\/03\/Massotherapie_ile_maurice.png\" alt=\"Massotherapie_ile_maurice\" itemprop=\"image\" height=\"250\" width=\"250\" title=\"Massotherapie_ile_maurice\" onerror=\"this.style.display='none'\"  sizes=\"(max-width: 768px) 100vw, 100vw\" srcset=\"data:image\/svg+xml;utf8,&lt;svg%20xmlns=&quot;http:\/\/www.w3.org\/2000\/svg&quot;%20viewBox=&quot;0%200%20250%20250&quot;%20height=&quot;250px&quot;%20width=&quot;250px&quot;\/&gt;\" data-srcset=\"https:\/\/energy-wellness-center.com\/wp-content\/uploads\/2021\/03\/Massotherapie_ile_maurice.png 250w, https:\/\/energy-wellness-center.com\/wp-content\/uploads\/2021\/03\/Massotherapie_ile_maurice-100x100.png 100w, https:\/\/energy-wellness-center.com\/wp-content\/uploads\/2021\/03\/Massotherapie_ile_maurice-150x150.png 150w, https:\/\/energy-wellness-center.com\/wp-content\/uploads\/2021\/03\/Massotherapie_ile_maurice-100x100@2x.png 200w\" \/>\t\t\t\t\t\t\t\n<h2>\n\tS\u00e9ance\n\t<\/h2>\n<h2>\n\tMad\u00e9roth\u00e9rapie\n\t<\/h2>\n\t<p><strong>La Maderoth\u00e9rapie<\/strong> est une technique de massage ancestrale qui utilise des<strong> outils en bois naturel<\/strong> pour stimuler, <strong>tonifier et remodeler le corps<\/strong>.<\/p>\n<p>Cette m\u00e9thode holistique combine diff\u00e9rentes techniques de massage avec l&#8217;utilisation de rouleaux, de b\u00e2tons et de ventouses en bois sp\u00e9cialement con\u00e7us. Les mouvements doux et rythm\u00e9s de la Maderoth\u00e9rapie aident \u00e0 <strong>am\u00e9liorer la circulation sanguine et lymphatique, \u00e0 r\u00e9duire la r\u00e9tention d&#8217;eau<\/strong> et \u00e0 favoriser l&#8217;<strong>\u00e9limination des toxines<\/strong>.<\/p>\n<p>La Maderoth\u00e9rapie offre de nombreux avantages, tels que le <strong>raffermissement de la peau, la r\u00e9duction de la cellulite, la relaxation musculaire<\/strong>, et m\u00eame le soulagement du stress et des tensions. L&#8217;utilisation des outils en bois permet \u00e9galement de stimuler le syst\u00e8me nerveux, d&#8217;am\u00e9liorer la texture de la peau et de favoriser une sensation de bien-\u00eatre g\u00e9n\u00e9ral.<\/p>\n\t<a href=\"#contact\" target=\"_self\" role=\"button\" rel=\"noopener\">\n\t\t\t\t\tR\u00e9servez votre s\u00e9ance !\n\t<\/a>\n\t\t\t\t\t\t\t<img loading=\"lazy\" src=\"https:\/\/energy-wellness-center.com\/wp-content\/uploads\/2021\/03\/Bioresonance_ile_maurice.png\" alt=\"Bioresonance_ile_maurice\" itemprop=\"image\" height=\"250\" width=\"250\" title=\"Bioresonance_ile_maurice\" onerror=\"this.style.display='none'\"  sizes=\"(max-width: 768px) 100vw, 100vw\" srcset=\"data:image\/svg+xml;utf8,&lt;svg%20xmlns=&quot;http:\/\/www.w3.org\/2000\/svg&quot;%20viewBox=&quot;0%200%20250%20250&quot;%20height=&quot;250px&quot;%20width=&quot;250px&quot;\/&gt;\" data-srcset=\"https:\/\/energy-wellness-center.com\/wp-content\/uploads\/2021\/03\/Bioresonance_ile_maurice.png 250w, https:\/\/energy-wellness-center.com\/wp-content\/uploads\/2021\/03\/Bioresonance_ile_maurice-100x100.png 100w, https:\/\/energy-wellness-center.com\/wp-content\/uploads\/2021\/03\/Bioresonance_ile_maurice-150x150.png 150w, https:\/\/energy-wellness-center.com\/wp-content\/uploads\/2021\/03\/Bioresonance_ile_maurice-100x100@2x.png 200w\" \/>\t\t\t\t\t\t\t\n<h2>\n\tS\u00e9ance\n\t<\/h2>\n<h2>\n\tBior\u00e9sonance\n\t<\/h2>\n\t<strong>La bior\u00e9sonance est une m\u00e9thode d&#8217;analyse \u00e9nerg\u00e9tique<\/strong> corporelle qui se base sur les ondes produites par le corps. Chaque organe \u00e9met et capte des rayonnements qui peuvent \u00eatre mesur\u00e9s en ondes hertziennes. Ces ondes peuvent ensuite \u00eatre analys\u00e9es \u00e0 l&#8217;aide d&#8217;appareils qui vont v\u00e9rifier <strong>la qualit\u00e9 vibratoire et \u00e9nerg\u00e9tique<\/strong> des organes et corriger les d\u00e9s\u00e9quilibres, soit dans un but pr\u00e9ventif, soit pour aider \u00e0 la gu\u00e9rison de certaines pathologies.<br \/>\n<strong>La bior\u00e9sonance est utilis\u00e9e pour faire un bilan global<\/strong> de l&#8217;activit\u00e9 \u00e9lectrique de l&#8217;organisme, pour <strong>rep\u00e9rer les anomalies au sein des organes et les rectifier<\/strong> en utilisant des ondes correctrices qui sont envoy\u00e9es par l&#8217;appareil vers l&#8217;organisme.\n\t<a href=\"#contact\" target=\"_self\" role=\"button\" rel=\"noopener\">\n\t\t\t\t\tR\u00e9servez votre s\u00e9ance !\n\t<\/a>\n\t\t\t\t\t\t\t<img loading=\"lazy\" src=\"https:\/\/energy-wellness-center.com\/wp-content\/uploads\/2023\/03\/drainage_website.png\" alt=\"drainage_website\" itemprop=\"image\" height=\"250\" width=\"250\" title=\"drainage_website\" onerror=\"this.style.display='none'\"  sizes=\"(max-width: 768px) 100vw, 100vw\" srcset=\"data:image\/svg+xml;utf8,&lt;svg%20xmlns=&quot;http:\/\/www.w3.org\/2000\/svg&quot;%20viewBox=&quot;0%200%20250%20250&quot;%20height=&quot;250px&quot;%20width=&quot;250px&quot;\/&gt;\" data-srcset=\"https:\/\/energy-wellness-center.com\/wp-content\/uploads\/2023\/03\/drainage_website.png 250w, https:\/\/energy-wellness-center.com\/wp-content\/uploads\/2023\/03\/drainage_website-150x150.png 150w, https:\/\/energy-wellness-center.com\/wp-content\/uploads\/2023\/03\/drainage_website-100x100.png 100w, https:\/\/energy-wellness-center.com\/wp-content\/uploads\/2023\/03\/drainage_website-100x100@2x.png 200w\" \/>\t\t\t\t\t\t\t\n<h2>\n\tS\u00e9ance\n\t<\/h2>\n<h2>\n\tDrainage\n\t<\/h2>\n\tLe drainage lymphatique manuel de la m\u00e9thode Leduc est un soin doux et pr\u00e9cis, destin\u00e9 \u00e0 stimuler<br \/>\nla circulation de la lymphe et \u00e0 d\u00e9toxiner l&#8217;organisme.<br \/>\nCe drainage lymphatique est particuli\u00e8rement recommand\u00e9 dans les cas suivants\u00a0:<br \/>\n&#8211; Il apporte de la <strong>l\u00e9g\u00e8ret\u00e9 aux jambes lourdes<\/strong> et agit sur les <strong>probl\u00e8mes de r\u00e9tention d&#8217;eau<\/strong><br \/>\n&#8211; Il am\u00e9liore la circulation sanguine et soulage les probl\u00e8mes veineux<br \/>\n&#8211; Il aide \u00e0 r\u00e9duire les gonflements et douleurs d\u00fb \u00e0 la grossesse<br \/>\n&#8211; Il r\u00e9sorbe l&#8217;\u0153d\u00e8me post op\u00e9ratoire et <strong>facilite la cicatrisation des tissus<\/strong><br \/>\n&#8211; Il tonifie et<strong> raffermit la peau<\/strong> et am\u00e9liore ainsi l&#8217;aspect peau d&#8217;orange, il est ainsi le compl\u00e9ment<br \/>\nid\u00e9al des r\u00e9gimes amincissants et des cures d\u00e9tox en favorisant l&#8217;\u00e9limination des d\u00e9chets.<br \/>\n&#8211; Il est aussi <strong>b\u00e9n\u00e9fique sur les rhumatismes<\/strong>, arthroses, couperoses, visage bouffi, constipation, et<br \/>\naspect gros bras<br \/>\n&#8211; Il est un atout pr\u00e9cieux des sportifs car il facilite l&#8217;\u00e9limination de l&#8217;acide lactique.\n\t<a href=\"#contact\" target=\"_self\" role=\"button\" rel=\"noopener\">\n\t\t\t\t\tR\u00e9servez votre s\u00e9ance !\n\t<\/a>\n\t\t\tSoins et Tarifs associ\u00e9s\n\t\t<table><tbody><tr><td>Protocole<\/td><td>Dur\u00e9e<\/td><td>Tarif<\/td><\/tr><tr><td>1 S\u00e9ance de R\u00e9fl\u00e9xologie Plantaire<\/td><td>60 min.<\/td><td>1.800 Rs<\/td><\/tr><tr><td>1 S\u00e9ance Bilan Energ\u00e9tique Quantique (Bior\u00e9sonance + R\u00e9fl\u00e9xologie)<\/td><td>75 min.<\/td><td>3.000 Rs<\/td><\/tr><tr><td>1 S\u00e9ance R\u00e9fl\u00e9xologie + Massage (Massoth\u00e9rapie)<\/td><td>90 min.<\/td><td>3.000 Rs<\/td><\/tr><tr><td>1 S\u00e9ance de Mad\u00e9roth\u00e9rapie par zone (soit Jambes OU Ventre+Dos OU Bras)<\/td><td>60 min.<\/td><td>2.500 Rs<\/td><\/tr><tr><td>1 S\u00e9ance de Mad\u00e9roth\u00e9rapie (Visage)<\/td><td>30 min.<\/td><td>1.500 Rs<\/td><\/tr><tr><td>1 Soin Energ\u00e9tique (Magn\u00e9tisme \/ Lahochi)<\/td><td>60 min.<\/td><td>2.500 Rs<\/td><\/tr><tr><td>1 Soin Energ\u00e9tique + Massage (Massoth\u00e9rapie)<\/td><td>90 min.<\/td><td>3.500 Rs<\/td><\/tr><tr><td>Drainage Lymphatique par zone (soit Jambes OU Ventre+Dos OU Bras)<\/td><td>60 min.<\/td><td>2.000 Rs<\/td><\/tr><tr><td>Drainage Lymphatique Corps entier<\/td><td>90 min.<\/td><td>3.500 Rs<\/td><\/tr><\/tbody><\/table>\n\t<a href=\"#contact\" target=\"_self\" role=\"button\" rel=\"noopener\">\n\t\t\t\t\tR\u00e9servez votre s\u00e9ance !\n\t<\/a>\n<h2>\n\tT\u00e9moignages\n\t<\/h2>\n<h1>\n\tde nos clients\n\t<\/h1>\n\t<p>Quelques retours des clients qui sont venus pour une s\u00e9rie de soins<\/p>\n\t\t\t\t\t\t\t<img loading=\"lazy\" src=\"https:\/\/energy-wellness-center.com\/wp-content\/uploads\/2021\/03\/bandeau_reflexologie_massotherapie_bioresonance_isabelle_bonnet_ile_maurice_03.jpg\" alt=\"bandeau_reflexologie_massotherapie_bioresonance_isabelle_bonnet_ile_maurice_03\" itemprop=\"image\" height=\"987\" width=\"1480\" title=\"bandeau_reflexologie_massotherapie_bioresonance_isabelle_bonnet_ile_maurice_03\" onerror=\"this.style.display='none'\"  sizes=\"(max-width: 768px) 100vw, 100vw\" srcset=\"data:image\/svg+xml;utf8,&lt;svg%20xmlns=&quot;http:\/\/www.w3.org\/2000\/svg&quot;%20viewBox=&quot;0%200%201480%20987&quot;%20height=&quot;987px&quot;%20width=&quot;1480px&quot;\/&gt;\" data-srcset=\"https:\/\/energy-wellness-center.com\/wp-content\/uploads\/2021\/03\/bandeau_reflexologie_massotherapie_bioresonance_isabelle_bonnet_ile_maurice_03.jpg 1480w, https:\/\/energy-wellness-center.com\/wp-content\/uploads\/2021\/03\/bandeau_reflexologie_massotherapie_bioresonance_isabelle_bonnet_ile_maurice_03-315x210@2x.jpg 630w, https:\/\/energy-wellness-center.com\/wp-content\/uploads\/2021\/03\/bandeau_reflexologie_massotherapie_bioresonance_isabelle_bonnet_ile_maurice_03-300x200.jpg 300w, https:\/\/energy-wellness-center.com\/wp-content\/uploads\/2021\/03\/bandeau_reflexologie_massotherapie_bioresonance_isabelle_bonnet_ile_maurice_03-1024x683.jpg 1024w, https:\/\/energy-wellness-center.com\/wp-content\/uploads\/2021\/03\/bandeau_reflexologie_massotherapie_bioresonance_isabelle_bonnet_ile_maurice_03-1260x840.jpg 1260w, https:\/\/energy-wellness-center.com\/wp-content\/uploads\/2021\/03\/bandeau_reflexologie_massotherapie_bioresonance_isabelle_bonnet_ile_maurice_03-420x280.jpg 420w, https:\/\/energy-wellness-center.com\/wp-content\/uploads\/2021\/03\/bandeau_reflexologie_massotherapie_bioresonance_isabelle_bonnet_ile_maurice_03-840x560.jpg 840w, https:\/\/energy-wellness-center.com\/wp-content\/uploads\/2021\/03\/bandeau_reflexologie_massotherapie_bioresonance_isabelle_bonnet_ile_maurice_03-315x210.jpg 315w, https:\/\/energy-wellness-center.com\/wp-content\/uploads\/2021\/03\/bandeau_reflexologie_massotherapie_bioresonance_isabelle_bonnet_ile_maurice_03-300x200@2x.jpg 600w\" \/>\t\t\t\t\t\t\t\n\t<balise id=\"contact\"><\/balise>\n<h2>\n\tR\u00e9servez\n\t<\/h2>\n<h1>\n\tR\u00e9servez votre s\u00e9ance&#8230;\n\t<\/h1>\n\t<h3>Contactez Isabelle BONNET pour obtenir plus de renseignements et r\u00e9server votre s\u00e9ance de soin<\/h3>\n<h3>\n\tComment nous contacter&#8230;\n\t<\/h3>\n<h5>\n\tWhatsapp\n\t<\/h5>\n\t<p>+230 58 36 52 96<\/p>\n<h5>\n\tE-mail\n\t<\/h5>\n\t<p>isabelle@energy-wellness-center.com<\/p>\n<h5>\n\tHoraires\n\t<\/h5>\n\tLundi au Vendredi &#8211; 9:30 &#8211; 18:00<br \/>\nFerm\u00e9 le week-end\n<h5>\n\tAdresse\n\t<\/h5>\n\t<p>Endemika Business Park<\/p>\n\t\t<iframe src=\"https:\/\/maps.google.com\/maps?q=Endemika+Business+Park&#038;iwloc=near&#038;output=embed\" height=\"406\" frameborder=\"0\"><\/iframe>\n<h2>\n\tRessources\n\t<\/h2>\n<h1>\n\tPlus d&#8217;informations sur nos th\u00e9rapies&#8230;\n\t<\/h1>\n<h3>\n\tBest Seller\n\t<\/h3>\n<h2>\n\tPack Quantique !\n\t<\/h2>\n\t1\u00e8re s\u00e9ance de 2h pour faire un diagnostic complet de votre \u00e9tat de sant\u00e9 et enchainer avec une s\u00e9ance de r\u00e9fl\u00e9xologie plantaire<br \/>\n2 s\u00e9ances de 90 minutes de r\u00e9fl\u00e9xologie (+ massoth\u00e9rapie si besoin) avec m\u00e9ta-th\u00e9rapie par bior\u00e9sonance<br \/>\n1 derni\u00e8re s\u00e9ance de 90 minutes pour refaire un dernier soin (R\u00e9fl\u00e9xologie + Massoth\u00e9rapie + Bior\u00e9sonance) et l&#8217;envoi sous 48h d&#8217;une \u00e9valuer des am\u00e9liorations obtenues.\n\t<a href=\"#contact\" target=\"_self\" role=\"button\" rel=\"noopener\">\n\t\t\t\t\tR\u00e9servez votre s\u00e9ance !\n\t<\/a>\n<h2>\n\t\tNos Articles\n\t<\/h2>\n\n<\/div><!-- .vgblk-rw-wrapper -->","protected":false},"excerpt":{"rendered":"<p>Les th\u00e9rapies de l&#8217;\u00e9nergie au service de votre pleine sant\u00e9 ! Bas\u00e9 \u00e0 Endemika Business Park (Petit Raffray), dans la Nord de l&#8217;\u00eele Maurice, Energy Wellness Center est sp\u00e9cialis\u00e9 dans les th\u00e9rapies de l&#8217;\u00e9nergie (autrement appel\u00e9es th\u00e9rapies quantiques). Les th\u00e9rapies utilis\u00e9es principalement sont la R\u00e9fl\u00e9xologie Plantaire, le Drainage Lymphatique Manuel, la Massoth\u00e9rapie, la Mad\u00e9roth\u00e9rapie, ou&#8230;<\/p>\n","protected":false},"author":1,"featured_media":0,"parent":0,"menu_order":0,"comment_status":"closed","ping_status":"closed","template":"","meta":[],"yoast_head":"<!-- This site is optimized with the Yoast SEO plugin v16.0 - https:\/\/yoast.com\/wordpress\/plugins\/seo\/ -->\n<title>Energy Wellness Center - R\u00e9fl\u00e9xologie \/ Massoth\u00e9rapie \/ Bior\u00e9sonance - Ile Maurice -<\/title>\n<meta name=\"description\" content=\"Bas\u00e9 \u00e0 Endemika Business Park (Petit Raffray), dans la Nord de l&#039;\u00eele Maurice, Energy Wellness Center est sp\u00e9cialis\u00e9 dans les th\u00e9rapies de l&#039;\u00e9nergie (autrement appel\u00e9es th\u00e9rapies quantiques).\" \/>\n<link rel=\"canonical\" href=\"https:\/\/energy-wellness-center.com\/\" \/>\n<meta property=\"og:locale\" content=\"fr_FR\" \/>\n<meta property=\"og:type\" content=\"article\" \/>\n<meta property=\"og:title\" content=\"Energy Wellness Center - R\u00e9fl\u00e9xologie \/ Massoth\u00e9rapie \/ Bior\u00e9sonance - Ile Maurice -\" \/>\n<meta property=\"og:description\" content=\"Bas\u00e9 \u00e0 Endemika Business Park (Petit Raffray), dans la Nord de l&#039;\u00eele Maurice, Energy Wellness Center est sp\u00e9cialis\u00e9 dans les th\u00e9rapies de l&#039;\u00e9nergie (autrement appel\u00e9es th\u00e9rapies quantiques).\" \/>\n<meta property=\"og:url\" content=\"https:\/\/energy-wellness-center.com\/\" \/>\n<meta property=\"article:modified_time\" content=\"2025-06-05T09:05:09+00:00\" \/>\n<meta property=\"og:image\" content=\"http:\/\/energy-wellness-center.com\/wp-content\/uploads\/2021\/03\/logo_energy_wellness_center.jpg\" \/>\n<meta name=\"twitter:card\" content=\"summary_large_image\" \/>\n<meta name=\"twitter:label1\" content=\"Dur\u00e9e de lecture est.\">\n\t<meta name=\"twitter:data1\" content=\"6 minutes\">\n<script type=\"application\/ld+json\" class=\"yoast-schema-graph\">{\"@context\":\"https:\/\/schema.org\",\"@graph\":[{\"@type\":\"WebSite\",\"@id\":\"https:\/\/energy-wellness-center.com\/#website\",\"url\":\"https:\/\/energy-wellness-center.com\/\",\"name\":\"\",\"description\":\"\",\"potentialAction\":[{\"@type\":\"SearchAction\",\"target\":\"https:\/\/energy-wellness-center.com\/?s={search_term_string}\",\"query-input\":\"required name=search_term_string\"}],\"inLanguage\":\"fr-FR\"},{\"@type\":\"ImageObject\",\"@id\":\"https:\/\/energy-wellness-center.com\/#primaryimage\",\"inLanguage\":\"fr-FR\",\"url\":\"http:\/\/energy-wellness-center.com\/wp-content\/uploads\/2021\/03\/logo_energy_wellness_center.jpg\"},{\"@type\":\"WebPage\",\"@id\":\"https:\/\/energy-wellness-center.com\/#webpage\",\"url\":\"https:\/\/energy-wellness-center.com\/\",\"name\":\"Energy Wellness Center - R\\u00e9fl\\u00e9xologie \/ Massoth\\u00e9rapie \/ Bior\\u00e9sonance - Ile Maurice -\",\"isPartOf\":{\"@id\":\"https:\/\/energy-wellness-center.com\/#website\"},\"primaryImageOfPage\":{\"@id\":\"https:\/\/energy-wellness-center.com\/#primaryimage\"},\"datePublished\":\"2017-09-03T20:38:55+00:00\",\"dateModified\":\"2025-06-05T09:05:09+00:00\",\"description\":\"Bas\\u00e9 \\u00e0 Endemika Business Park (Petit Raffray), dans la Nord de l'\\u00eele Maurice, Energy Wellness Center est sp\\u00e9cialis\\u00e9 dans les th\\u00e9rapies de l'\\u00e9nergie (autrement appel\\u00e9es th\\u00e9rapies quantiques).\",\"breadcrumb\":{\"@id\":\"https:\/\/energy-wellness-center.com\/#breadcrumb\"},\"inLanguage\":\"fr-FR\",\"potentialAction\":[{\"@type\":\"ReadAction\",\"target\":[\"https:\/\/energy-wellness-center.com\/\"]}]},{\"@type\":\"BreadcrumbList\",\"@id\":\"https:\/\/energy-wellness-center.com\/#breadcrumb\",\"itemListElement\":[{\"@type\":\"ListItem\",\"position\":1,\"item\":{\"@type\":\"WebPage\",\"@id\":\"https:\/\/energy-wellness-center.com\/\",\"url\":\"https:\/\/energy-wellness-center.com\/\",\"name\":\"Home\"}},{\"@type\":\"ListItem\",\"position\":2,\"item\":{\"@type\":\"WebPage\",\"@id\":\"https:\/\/energy-wellness-center.com\/\",\"url\":\"https:\/\/energy-wellness-center.com\/\",\"name\":\"Energy Wellness Center &#8211; R\\u00e9fl\\u00e9xologie \/ Massoth\\u00e9rapie \/ Bior\\u00e9sonance &#8211; Ile Maurice\"}}]}]}<\/script>\n<!-- \/ Yoast SEO plugin. -->","jetpack_sharing_enabled":true,"_links":{"self":[{"href":"https:\/\/energy-wellness-center.com\/index.php\/wp-json\/wp\/v2\/pages\/14013"}],"collection":[{"href":"https:\/\/energy-wellness-center.com\/index.php\/wp-json\/wp\/v2\/pages"}],"about":[{"href":"https:\/\/energy-wellness-center.com\/index.php\/wp-json\/wp\/v2\/types\/page"}],"author":[{"embeddable":true,"href":"https:\/\/energy-wellness-center.com\/index.php\/wp-json\/wp\/v2\/users\/1"}],"replies":[{"embeddable":true,"href":"https:\/\/energy-wellness-center.com\/index.php\/wp-json\/wp\/v2\/comments?post=14013"}],"version-history":[{"count":69,"href":"https:\/\/energy-wellness-center.com\/index.php\/wp-json\/wp\/v2\/pages\/14013\/revisions"}],"predecessor-version":[{"id":987936,"href":"https:\/\/energy-wellness-center.com\/index.php\/wp-json\/wp\/v2\/pages\/14013\/revisions\/987936"}],"wp:attachment":[{"href":"https:\/\/energy-wellness-center.com\/index.php\/wp-json\/wp\/v2\/media?parent=14013"}],"curies":[{"name":"wp","href":"https:\/\/api.w.org\/{rel}","templated":true}]}}